, 631
List the prime factors of 1896814597.
4127, 459611
List the prime factors of 5987378970.
2, 3, 5, 73, 911321
List the prime factors of 757806963.
3, 19, 13294859
List the prime factors of 86251494.
2, 3, 7, 223, 9209
What are the prime factors of 494922090?
2, 3, 5, 13, 59, 137, 157
What are the prime factors of 92616581?
41, 1427, 1583
What are the prime factors of 399707645?
5, 31, 2578759
What are the prime factors of 591631123?
463, 1033, 1237
What are the prime factors of 34890340?
2, 5, 1744517
List the prime factors of 811571522.
2, 991, 409471
List the prime factors of 442062800.
2, 5, 1105157
List the prime factors of 1964153615.
5, 29, 241, 56207
What are the prime factors of 61472278?
2, 7, 73, 60149
What are the prime factors of 363563543?
7, 51937649
What are the prime factors of 57854496?
2, 3, 7, 251
What are the prime factors of 64909101?
3, 1237, 17491
List the prime factors of 46167990.
2, 3, 5, 11, 31, 4513
What are the prime factors of 13235401?
17, 778553
What are the prime factors of 8281994?
2, 7, 29, 20399
What are the prime factors of 549532623?
3, 251, 729791
List the prime factors of 55086569.
43, 1281083
What are the prime factors of 7335598?
2, 523, 7013
List the prime factors of 4752568422.
2, 3, 7, 3011, 12527
List the prime factors of 2698629322.
2, 197, 6849313
What are the prime factors of 523791485?
5, 7, 14965471
List the prime factors of 58317638.
2, 127, 439, 523
What are the prime factors of 132073771?
132073771
What are the prime factors of 592958050?
2, 5, 89, 227, 587
What are the prime factors of 321446624?
2, 10045207
What are the prime factors of 4818045189?
3, 53, 30302171
What are the prime factors of 210141852?
2, 3, 149, 117529
What are the prime factors of 2104753603?
103, 20434501
What are the prime factors of 4868223165?
3, 5, 13, 733, 11353
What are the prime factors of 104684987?
11, 9516817
What are the prime factors of 1647369121?
1579, 1043299
List the prime factors of 7177858975.
5, 7, 23, 1783319
List the prime factors of 144177386.
2, 23, 29, 108079
What are the prime factors of 698191745?
5, 7349, 19001
What are the prime factors of 2912602056?
2, 3, 7, 13, 23, 2521
What are the prime factors of 39328945?
5, 7865789
What are the prime factors of 248983195?
5, 49796639
What are the prime factors of 1405786174?
2, 13, 19, 23, 123727
List the prime factors of 189192903.
3, 61, 1033841
What are the prime factors of 29167839?
3, 1217, 2663
List the prime factors of 913505288.
2, 1889, 60449
List the prime factors of 130274113.
130274113
What are the prime factors of 2765049807?
3, 13, 70898713
What are the prime factors of 209810987?
209810987
What are the prime factors of 519736305?
3, 5, 11, 3149917
What are the prime factors of 21839606?
2, 10919803
What are the prime factors of 525160795?
5, 37, 79, 35933
List the prime factors of 583073106.
2, 3, 7, 11, 17, 397
What are the prime factors of 26036208?
2, 3, 11, 5479
What are the prime factors of 3937569718?
2, 31, 63509189
List the prime factors of 165158123.
13, 53, 18439
List the prime factors of 8813290.
2, 5, 73, 12073
What are the prime factors of 2174994241?
7, 23, 13509281
What are the prime factors of 4230853363?
11, 384623033
What are the prime factors of 36794874?
2, 3, 6132479
List the prime factors of 3054156170.
2, 5, 13, 29, 101, 617
List the prime factors of 63672987.
3, 7, 3032047
List the prime factors of 385233066.
2, 3, 59, 362743
What are the prime factors of 70045825?
5, 2801833
What are the prime factors of 36621727?
23, 743, 2143
List the prime factors of 2849601511.
821, 3470891
List the prime factors of 300971929.
257, 367, 3191
What are the prime factors of 52444930?
2, 5, 5244493
List the prime factors of 447941239.
61, 199, 36901
What are the prime factors of 3127020189?
3, 31, 73, 317, 1453
What are the prime factors of 943128010?
2, 5, 11, 2473, 3467
List the prime factors of 2238384140.
2, 5, 29, 31, 124493
List the prime factors of 367749600.
2, 3, 5, 67, 2287
List the prime factors of 1050181014.
2, 3, 175030169
What are the prime factors of 777888911?
23, 33821257
What are the prime factors of 17858933?
53, 336961
List the prime factors of 1514668608.
2, 3, 29, 90677
What are the prime factors of 56557948?
2, 14139487
List the prime factors of 3181814023.
181, 17579083
List the prime factors of 356049063.
3, 509, 77723
List the prime factors of 1655905555.
5, 331181111
What are the prime factors of 2697154754?
2, 7, 17, 23, 492721
List the prime factors of 177171051.
3, 43, 1373419
List the prime factors of 1452758143.
53, 283, 96857
List the prime factors of 1047746884.
2, 1709, 153269
List the prime factors of 5606856.
2, 3, 43, 1811
List the prime factors of 55245229.
13, 4249633
What are the prime factors of 6995386?
2, 47, 74419
What are the prime factors of 1035168330?
2, 3, 5, 7, 4929373
What are the prime factors of 106132446?
2, 3, 7, 842321
What are the prime factors of 1320370581?
3, 11047, 39841
What are the prime factors of 81534826?
2, 40767413
List the prime factors of 366963668.
2, 91740917
List the prime factors of 26448103.
11, 151, 15923
What are the prime factors of 632308897?
11, 17, 3381331
What are the prime factors of 341912915?
5, 68382583
What are the prime factors of 2308451106?
2, 3, 13, 2276579
What are the prime factors of 36497170?
2, 5, 37, 98641
List the prime factors of 28023687.
3, 181, 17203
List the prime factors of 89250620.
2, 5, 4462531
List the prime factors of 48938537.
97, 504521
What are the prime factors of 43342408?
2, 5417801
List the prime factors of 201119934.
2, 3, 139, 239, 1009
What are the prime factors of 2087482319?
13, 160575563
List the prime factors of 30196089.
3, 7, 11, 43573
What are the prime factors of 92843309?
13, 2617, 2729
List the prime factors of 4164459872.
2, 41, 43, 97, 761
What are the prime factors of 3315228599?
17, 53, 3679499
What are the prime factors of 324122671?
41, 7905431
List the prime factors of 2283335722.
2, 17, 557, 120569
List the prime factors of 46914471.
3, 107, 5413
List the prime factors of 6293701819.
6293701819
List the prime factors of 766444792.
2, 47, 2038417
List the prime factors of 2895679930.
2, 5, 11, 13, 31, 83, 787
List the prime factors of 507096297.
3, 181, 311293
What are the prime factors of 1575995831?
19, 107, 509, 1523
List the prime factors of 2383470439.
7, 47, 7244591
What are the prime factors of 19082639?
31, 37, 127, 131
List the prime factors of 169390677.
3, 4447, 12697
What are the prime factors of 489630365?
5, 7, 1129, 12391
List the prime factors of 237260333.
67, 3541199
What are the prime factors of 1206914174?
2, 37, 1303, 12517
What are the prime factors of 3198657717?
3, 31, 73, 157051
List the prime factors of 89991406.
2, 1483, 30341
List the prime factors of 249086000.
2, 5, 124543
List the prime factors of 14076410.
2, 5, 113, 12457
List the prime factors of 219173754.
2, 3, 36528959
List the prime factors of 230196.
2, 3, 19183
List the prime factors of 1189385084.
2, 53, 103, 54469
List the prime factors of 7095330787.
257, 27608291
What are the prime factors of 2390889153?
3, 151, 5277901
What are the prime factors of 421765285?
5, 43, 61, 32159
List the prime factors of 2419373755.
5, 483874751
List the prime factors of 56300814.
2, 3, 3127823
List the prime factors of 6126685796.
2, 7, 11, 2841691
List the prime factors of 40193846.
2, 7, 11, 260999
List the prime factors of 1511736761.
1511736761
What are the prime factors of 17171411?
17, 1010083
What are the prime factors of 1632690531?
3, 3373, 53783
List the prime factors of 42145492.
2, 31, 283, 1201
List the prime factors of 2662969382.
2, 1331484691
What are the prime factors of 41602200?
2, 3, 5, 69337
What are the prime factors of 2715666855?
3, 5, 11, 821, 20047
What are the prime factors of 2343362899?
4423, 529813
List the prime factors of 73622674.
2, 37, 994901
List the prime factors of 347440304.
2, 2143, 10133
List the prime factors of 105331879.
105331879
List the prime factors of 1947122951.
191, 10194361
List the prime factors of 444023856.
2, 3, 397, 863
What are the prime factors of 689371102?
2, 7, 461, 15259
What are the prime factors of 2863434653?
19, 150707087
What are the prim